{"id":844,"date":"2017-04-12T16:51:44","date_gmt":"2017-04-12T16:51:44","guid":{"rendered":"http:\/\/www.tba-sachsen.de\/?page_id=844"},"modified":"2017-05-02T16:54:37","modified_gmt":"2017-05-02T16:54:37","slug":"geschichte","status":"publish","type":"page","link":"https:\/\/www.tba-sachsen.de\/?page_id=844","title":{"rendered":"Geschichte"},"content":{"rendered":"<p>[vc_row type=&#8220;vc_default&#8220; margin_top=&#8220;5&#8243; margin_bottom=&#8220;15&#8243; css=&#8220;.vc_custom_1474269825824{padding-bottom: 20px !important;}&#8220;][vc_column offset=&#8220;vc_col-lg-6 vc_col-md-6 vc_col-xs-12&#8243; css=&#8220;.vc_custom_1474269863774{padding-bottom: 60px !important;}&#8220;]<div id=\"ultimate-heading-258369e1d1f9480c4\" class=\"uvc-heading ult-adjust-bottom-margin ultimate-heading-258369e1d1f9480c4 uvc-4620  uvc-heading-default-font-sizes\" data-hspacer=\"no_spacer\"  data-halign=\"left\" style=\"text-align:left\"><div class=\"uvc-heading-spacer no_spacer\" style=\"top\"><\/div><div class=\"uvc-main-heading ult-responsive\"  data-ultimate-target='.uvc-heading.ultimate-heading-258369e1d1f9480c4 h2'  data-responsive-json-new='{\"font-size\":\"\",\"line-height\":\"\"}' ><h2 style=\"--font-weight:theme;\">Vom Abdecker zum modernen Verwertungsbetrieb<\/h2><\/div><\/div>[vc_column_text css=&#8220;.vc_custom_1493744070786{padding-top: 30px !important;}&#8220;]Seit dem Mittelalter, ca. 12. und 13. Jahrhundert, sprechen wir von Tierk\u00f6rperbeseitigung. In den damaligen Wasenmeistereien, die an abgelegenen Orten au\u00dferhalb von Wohnbebauungen angesiedelt waren, enth\u00e4utete man die gefallenen Tiere, die dann der F\u00e4ulnis oder den Aasfressern auf dem Wasenplatz \u00fcberlassen wurden. Das Enth\u00e4uten bezeichnete man auch als Abdecken, daraus der Berufsbegriff &#8222;Abdecker&#8220;.<\/p>\n<p>Im 17. Jahrhundert ordnete der Herzog von Sachsen die Beseitigung gefallener Tiere durch Abdecker an. Schon zu dieser Zeit bem\u00fchte man sich, eine Verwertung anzugehen. Seiler verarbeiteten Pferdeschw\u00e4nze, Seifensieder den Talg und die H\u00e4ute wurden an Gerbereien verkauft.\u00a0Die Anerkennung als Handwerk konnten die Abdeckereien in den Jahren ab 1810 erreichen. Gleichzeitig wurde mit der S\u00e4uberung der Stra\u00dfen und Felder von Tierkadavern ein bedeutender Beitrag auf dem Gebiet der Seuchenhygiene durch die Zunft geleistet.<\/p>\n<p>Bereits ab 1880 wurde vom deutschen Landwirtschaftsrat eine Gesetzgebung forciert, die die thermische Vernichtung der Krankheitserreger durch Verbrennung oder Zerkochung der Tierkadaver regelte.<\/p>\n<p>1934 z\u00e4hlte man in Deutschland 7 224 gemeindliche Verscharrungspl\u00e4tze, 418 Wasenmeistereien und 418 thermische Beseitigungsanlagen.<br \/>\nIm Februar 1939 wurden die Gesetzlichkeiten der Tierk\u00f6rperbeseitigung geschaffen. Die Zust\u00e4ndigkeit \u00fcber die Kadaverbeseitigung \u00fcbergab der Gesetzgeber an die Landkreise und die Kreisfreien St\u00e4dte.\u00a0In dieser Zeit entstand die Tierk\u00f6rperbeseitigungsanlage in Lenz, die 1942 den Betrieb aufnahm.<\/p>\n<p>Nach dem II. Weltkrieg entwickelte sich die Technik auf dem Gebiet der Tierk\u00f6rperbeseitigung und\u00a0-verwertung nur im Westteil von Deutschland weiter. Im Osten wurde diese Branche stiefm\u00fctterlich behandelt.<\/p>\n<p>Das heute geltende Tierk\u00f6rperbeseitigungsrecht \u00fcbertr\u00e4gt die Verantwortung der Beseitigung von Kadavern und gef\u00e4hrlichen tierischen Abfallstoffen jeweils nach Landesrecht an die zust\u00e4ndigen K\u00f6rperschaften des \u00f6ffentlichen Rechts und schreibt klar vor, wie Tierk\u00f6rper, Tierk\u00f6rperteile und Erzeugnisse unsch\u00e4dlich zu entsorgen und zu verarbeiten sind.<\/p>\n<p>Seit der deutschen Wiedervereinigung verringerte sich die Anzahl der bis dahin bestehenden 10 Anlagen in Sachsen auf nunmehr 1 Verwertungsbetrieb.[\/vc_column_text][\/vc_column][vc_column offset=&#8220;vc_col-lg-6 vc_col-md-6 vc_col-xs-12&#8243; css=&#8220;.vc_custom_1474269879377{padding-bottom: 60px !important;}&#8220;][vc_empty_space height=&#8220;130px&#8220;][vc_column_text css=&#8220;.vc_custom_1492015871421{padding-top: 30px !important;}&#8220;]<span class=\"text3\"><u>Entwicklung des Zweckverbandes f\u00fcr Tierk\u00f6rperbeseitigung Sachsen<\/u><\/span><\/p>\n<table border=\"0\" width=\"604\" cellspacing=\"5\" cellpadding=\"5\">\n<tbody>\n<tr>\n<td valign=\"top\"><span class=\"text2\">1942:<\/span><\/td>\n<td><span class=\"text2\">Inbetriebnahme der Tierk\u00f6rperverwertung Lenz<\/span><\/td>\n<\/tr>\n<tr>\n<td valign=\"top\"><span class=\"text2\">1972:<\/span><\/td>\n<td><span class=\"text2\">Umwandlung in einen Volkseigenen Betrieb (VEB)<\/span><\/td>\n<\/tr>\n<tr>\n<td valign=\"top\"><span class=\"text2\">1991:<\/span><\/td>\n<td><span class=\"text2\">Gr\u00fcndung des Zweckverbandes f\u00fcr Tierk\u00f6rperbeseitigung Lenz<\/span><\/td>\n<\/tr>\n<tr>\n<td valign=\"top\"><span class=\"text2\">1996:<\/span><\/td>\n<td><span class=\"text2\">Inbetriebnahme des Neubaus der Tierk\u00f6rperbeseitigungsanlage<br \/>\n(Kapazit\u00e4t bis 50.000 t\/Jahr, Baukosten ca. 26 Mio. Euro netto)<\/span><\/td>\n<\/tr>\n<tr>\n<td valign=\"top\"><span class=\"text2\">2004:<\/span><\/td>\n<td><span class=\"text2\">Zusammenf\u00fchrung mit dem Zweckverband im damaligen Regierungsbezirk<br \/>\nChemnitz zum einheitlichen Zweckverband f\u00fcr Tierk\u00f6rperbeseitigung Sachsen<\/span><\/td>\n<\/tr>\n<tr>\n<td valign=\"top\"><span class=\"text2\">2008:<\/span><\/td>\n<td><span class=\"text2\">Inbetriebnahme der neu errichteten Kl\u00e4ranlage<\/span><\/td>\n<\/tr>\n<\/tbody>\n<\/table>\n<p>[\/vc_column_text][vc_single_image image=&#8220;845&#8243; img_size=&#8220;large&#8220; alignment=&#8220;center&#8220; style=&#8220;vc_box_border&#8220; onclick=&#8220;link_image&#8220; lazy_loading=&#8220;true&#8220;][\/vc_column][\/vc_row]<\/p>\n","protected":false},"excerpt":{"rendered":"<p>[vc_row type=&#8220;vc_default&#8220; margin_top=&#8220;5&#8243; margin_bottom=&#8220;15&#8243; css=&#8220;.vc_custom_1474269825824{padding-bottom: 20px !important;}&#8220;][vc_column offset=&#8220;vc_col-lg-6 vc_col-md-6 vc_col-xs-12&#8243; css=&#8220;.vc_custom_1474269863774{padding-bottom: 60px !important;}&#8220;][vc_column_text css=&#8220;.vc_custom_1493744070786{padding-top: 30px !important;}&#8220;]Seit dem Mittelalter, ca. 12. und 13. Jahrhundert, sprechen wir von Tierk\u00f6rperbeseitigung. In den damaligen Wasenmeistereien, die an abgelegenen Orten au\u00dferhalb von Wohnbebauungen angesiedelt waren, enth\u00e4utete man die gefallenen Tiere, die dann der F\u00e4ulnis oder den Aasfressern auf dem Wasenplatz&hellip;<\/p>\n","protected":false},"author":1,"featured_media":0,"parent":154,"menu_order":1,"comment_status":"closed","ping_status":"closed","template":"","meta":{"footnotes":""},"_links":{"self":[{"href":"https:\/\/www.tba-sachsen.de\/index.php?rest_route=\/wp\/v2\/pages\/844"}],"collection":[{"href":"https:\/\/www.tba-sachsen.de\/index.php?rest_route=\/wp\/v2\/pages"}],"about":[{"href":"https:\/\/www.tba-sachsen.de\/index.php?rest_route=\/wp\/v2\/types\/page"}],"author":[{"embeddable":true,"href":"https:\/\/www.tba-sachsen.de\/index.php?rest_route=\/wp\/v2\/users\/1"}],"replies":[{"embeddable":true,"href":"https:\/\/www.tba-sachsen.de\/index.php?rest_route=%2Fwp%2Fv2%2Fcomments&post=844"}],"version-history":[{"count":4,"href":"https:\/\/www.tba-sachsen.de\/index.php?rest_route=\/wp\/v2\/pages\/844\/revisions"}],"predecessor-version":[{"id":896,"href":"https:\/\/www.tba-sachsen.de\/index.php?rest_route=\/wp\/v2\/pages\/844\/revisions\/896"}],"up":[{"embeddable":true,"href":"https:\/\/www.tba-sachsen.de\/index.php?rest_route=\/wp\/v2\/pages\/154"}],"wp:attachment":[{"href":"https:\/\/www.tba-sachsen.de\/index.php?rest_route=%2Fwp%2Fv2%2Fmedia&parent=844"}],"curies":[{"name":"wp","href":"https:\/\/api.w.org\/{rel}","templated":true}]}}